(h) = h + 6. Calculate m(k).
1
Let r(d) = -13*d**3. Suppose 3 = -5*o - 2. Let y be r(o). Suppose -2*s = 5*m + y, 0 = -3*s - 5*m + m - 16. Let g(c) = -c**2 - 4*c - 3. Give g(s).
-3
Let a(w) = -w**3 + 3*w**2 + 5*w - 6. Suppose -p + 8 = -132. Let i be (6/5)/(42/p). Calculate a(i).
-2
Let h(q) = q**2 - 5*q + 4. Let n be h(3). Let u(b) be the second derivative of -b**5/20 - b**4/3 - b**3/3 - b**2/2 + 18*b. Determine u(n).
-5
Let d(y) = -3*y - 1. Let v(z) = -5*z - 2. Suppose b = -2 + 10. Let i(p) = b*d(p) - 5*v(p). Calculate i(-6).
-4
Suppose -3*p + 6 = 3*c, p = 3*c - 3*p + 15. Let f(r) be the first derivative of -3*r**4/4 - 2*r**3/3 + r + 5. Give f(c).
2
Let n(s) = 6 - 4*s - 7*s + 3*s + s**2 + 2*s. Determine n(5).
1
Let l(z) be the third derivative of -z**6/120 - z**5/20 + z**4/24 - 5*z**2 - 6*z. Determine l(-4).
12
Let o(x) = -x - 5. Suppose f + 2*g = -3*f - 12, 0 = -3*g + 6. Give o(f).
-1
Let a(k) = -3*k**2 + 4*k + 1. Let g be 2/3 + 8/6. Let f(v) = -3*v + 12*v - 4*v**g + 1 + 0 - 3*v**2. Let o(p) = 5*a(p) - 2*f(p). Calculate o(4).
-5
Let g = -9 + 9. Suppose -4*h + 8 = 2*d + 2, 2*h - 8 = g. Let n(j) = -j - 5. Calculate n(d).
0
Let k(l) be the third derivative of l**5/10 - l**4/24 - 32*l**2. Determine k(-1).
7
Let d(p) = 4*p - 1. Let i be 4/(-20)*-3 - 78/30. Give d(i).
-9
Suppose 0*x = 3*x. Let o = -4 - x. Let r(q) = q + 3. Give r(o).
-1
Let k(l) = -3*l + 37. Let z be k(15). Let x(f) = -f - 1. Give x(z).
7
Let a(u) = u**3 + 5*u**2 + 4. Let s(p) = p + 3. Let o be s(0). Suppose 0 = -2*f - o*f - 20. Let d be (-5)/(-2)*(f - -2). What is a(d)?
4
Let i(o) = o**3 + 9*o**2 + 8*o - 9. Let v(y) = y**3 - 8*y**2 + y - 16. Let l be v(8). Calculate i(l).
-9
Let n(b) = -b**2 + 6*b + 5. Suppose 4*f + 7*f - 88 = 0. Give n(f).
-11
Let u(l) = -3*l + 4 + 2*l - 2. Let s be 9*(-1)/(-3)*3. Let i(d) = -d**2 + 9*d + 3. Let k be i(s). Calculate u(k).
-1
Let w(s) = 1275 + s**2 - 2*s**2 + 2*s - 1276. Calculate w(2).
-1
Let w(x) be the second derivative of -x**4/12 - 2*x**2 + 5*x. Suppose 0 = 2*h + 4*s + 22, 3*h = 6*h - 2*s + 1. Determine w(h).
-13
Suppose -3*d = -0*d. Let j(c) = -c**2 + c. Let y(n) = 7*n**2 - 5*n + 1. Let u(k) = 6*j(k) + y(k). Let w be u(d). Let s(l) = -5*l**2 + l - 1. Determine s(w).
-5
Let g(d) be the third derivative of d**4/12 + 2*d**3/3 - 14*d**2. Determine g(-6).
-8
Let c(s) = -s + 1. Let o(h) = -2*h + 10. Let r(g) = -3*c(g) + o(g). What is r(-3)?
4
Let t = -178 - -3561/20. Let z(k) be the third derivative of 0*k**3 - 2*k**2 + 0*k + t*k**6 - 1/30*k**5 + 1/24*k**4 + 0. What is z(1)?
5
Let w = 0 - 1. Let b(v) = v**2 + 2*v - 1. Let g(n) = n**2 - n + 1. Let y(s) = w*g(s) - b(s). Give y(2).
-10
Let h(r) = -r + 4*r**2 + 1 + r**2 + 8*r**3 - 5*r**2. Calculate h(1).
8
Let r = 23 - 18. Let h(p) be the third derivative of 0*p + 1/24*p**4 + 0 - p**2 + 1/3*p**3. Determine h(r).
7
Suppose -4*s = 18 - 2. Let r(t) be the first derivative of t**6/120 + t**5/15 + t**2/2 - 2. Let f(q) be the second derivative of r(q). Give f(s).
0
Let k(x) = 15*x**2 + 12*x + 17. Let q(p) = -7*p**2 - 6*p - 8. Let j(v) = 6*k(v) + 13*q(v). Calculate j(-6).
-2
Let f(p) = 3*p**3 - 2*p**2 - p. Let h(s) = 3*s + 15. Let z(t) = t + 5. Suppose -1 = -3*u + 8. Let d(a) = u*h(a) - 8*z(a). Let o be d(-6). Give f(o).
-4
Suppose 3 = 4*m - 7*m. Let s(b) = -5*b**3 - 2*b**2 + 1. Calculate s(m).
4
Let z(x) = x**3 + 3*x**2 - 4*x + 1. Let k(y) = -y**2 + 3*y + 2. Let h be k(3). Let w be (5 - h)/(-3) + -3. Give z(w).
1
Let r(b) = 3*b + 38. Let m be r(-11). Let u(s) = s**3 - 7*s**2 + 7*s - 1. Determine u(m).
-16
Let i(f) = -f - 2. Let s be -1 - 0 - 6*-2. Let k(n) = n**3 + 6*n**2 + 2*n + 5. Let g be k(-6). Let u = s + g. Calculate i(u).
-6
Let v(k) = 2*k. Let i be (-12)/(-6) + -6*1. Calculate v(i).
-8
Let l(n) = -3*n - 3 - 4 + 6. Let u be l(-2). Let z(d) = 19*d**2 - d**3 - 4 - 15*d**2 + 7*d - 2*d. Calculate z(u).
-4
Let k(d) = d + 1. Suppose -i - 2 = 1. Let z be k(i). Let f(l) = 5*l - 2. Let j(a) = 11*a - 5. Let u(m) = 9*f(m) - 4*j(m). Calculate u(z).
0
Let s(b) = 0*b**2 + b**3 + 3*b**2 + 2 - 2*b**2 - b. Let v(f) = f**3 + 9*f**2 - 17*f + 53. Let l be v(-11). Give s(l).
0
Let i(r) be the second derivative of r**2 - 3*r + 0 - 1/6*r**3. Determine i(6).
-4
Let u(j) = j**3 - 3*j**2 + 3*j - 3. Let b = 24 - 22. Give u(b).
-1
Suppose 4*m + 3*n - 27 = 0, -n = -2*m - 4 + 25. Let p = m - 9. Let f(u) = -4*u**2 + 5*u**2 - 5*u + p*u - 6 + 0*u. Calculate f(5).
-6
Suppose -2*l + 9 = 2*q - 7, -5*l = -q - 10. Let r(w) = -4*w**2 + 2 + w**3 - w**2 - 5. What is r(q)?
-3
Suppose 5*d = -3 - 2, 5*c + 2*d + 37 = 0. Let w(a) = -2*a - 4. Determine w(c).
10
Let n(a) = 0*a**2 - a**2 - 3*a - 3*a + 5*a. Calculate n(0).
0
Let v(x) = -3*x. Let m(r) = r. Let z(d) = 9*m(d) + v(d). What is z(2)?
12
Let w(v) = -v**2 - 5*v - 5. Let m = -1 + -2. Let o be (-1 - -5)/(2 + m). Calculate w(o).
-1
Let m(q) = 2*q**3 - 3*q**3 - 4*q + 20*q**2 - 26*q**2 - 2. Determine m(-5).
-7
Let i(w) = -w**3 + w**2 + 2*w + 4. Let u(p) = p**3 + 4*p**2 + 2*p - 2. Let t be u(-2). Suppose -g = t*y - 5, g + 0 = -y + 2. Give i(y).
-8
Let j(l) = l + 0 - 6*l**2 - 2 + l**3 + 2*l**2 + 3*l**2. Let z(y) = y**2 - 2*y - 1. Let t be z(3). Determine j(t).
4
Let v(w) = -w**3 - w**2 - 2*w - 2. Suppose 0*h = -h. Suppose -s + 9 = -0. Suppose h = -s*t + 5*t - 8. Calculate v(t).
6
Let a(p) = 13*p - 9. Let k(l) = 20*l - 14. Let o(f) = 8*a(f) - 5*k(f). What is o(4)?
14
Let c(k) = 3*k**2 - 5*k - 1. Let d be (4 + 1)/((-2)/(-2)). Let a(t) = 2*t + t**2 + 1 + 4*t - 3*t**2. Let u(f) = d*a(f) + 6*c(f). Give u(-1).
7
Suppose 0 = 7*j + j + 32. Let r(o) = -4*o - 7. Let z(s) = -8*s - 15. Let a(x) = -13*r(x) + 6*z(x). What is a(j)?
-15
Suppose 0 = 52*q - 51*q. Let c(n) be the third derivative of n**4/24 + 2*n**3 - n**2. Calculate c(q).
12
Let t(m) = 5*m**2 - 5*m + 2. Let p(x) = 66*x**2 - 66*x + 27. Let n(g) = -2*p(g) + 27*t(g). Calculate n(2).
6
Let t(b) be the first derivative of b**2/2 + 2*b - 1. Suppose -a = -0*a. Give t(a).
2
Suppose -24 = 3*a - 6*a. Suppose -a*s + 4*s = 24. Let d(b) = b**2 + 2 + 5*b - 3 + 0*b**2. What is d(s)?
5
Let v(d) be the third derivative of -d**7/5040 + d**6/720 - d**5/10 + 5*d**2. Let i(k) be the third derivative of v(k). Calculate i(-3).
4
Let t(b) be the second derivative of -2*b - 2/3*b**3 - 3/2*b**2 + 0 + 1/12*b**4. What is t(4)?
-3
Let p(j) = -j**2 - j + 4. Suppose 0*h - h = 0. Let m be 6/(-3) - (2 - h). Let u be 1/(-3) - m/12. Give p(u).
4
Let q be (7 + 3/(-1) - 3) + -5. Let v(t) = -5*t + t - 5 + 4*t**2 + 1 + t**3. Give v(q).
12
Let h(i) = -i**3 + 2*i**2 - 3*i. Suppose 3*p = 2*r - 10, r - 2 = -0*r. Let d = 7 + p. Suppose 5*y + 7*k - 35 = 2*k, d*y - 20 = -2*k. Determine h(y).
-6
Let l(w) = w - 9. Let i = 29 - 17. Let o be l(i). Let s(m) = -5*m + 4. Give s(o).
-11
Let w(s) be the first derivative of -3 - 1/2*s**2 + 1/3*s**3 + 7*s. Suppose 2*b - b - 3 = -3*k, -3*b - 5 = -5*k. Give w(b).
7
Let i(u) = -u**3 - 4*u**2 + 5*u + 5. Let w be i(-5). Let n(f) = f**3 - 4*f**2 - 6*f + 3. Give n(w).
-2
Let s = 10 - 7. Let g(f) be the first derivative of -1 - 1/3*f**3 + 2*f**2 - f. Determine g(s).
2
Let t = -7 - -9. Let h be -2 + -8*(-2)/4. Let i(o) = 0 + 4 - h + 2*o. What is i(t)?
6
Let t(v) be the third derivative of -v**7/1008 + v**6/720 + v**5/15 - v**2. Let g(m) be the third derivative of t(m). Calculate g(1).
-4
Let y(o) = o**3 + 5*o**2 + 4*o - 1. Let j(i) = -4*i**3 + i**2. Let r be j(1). Give y(r).
5
Let z(s) = 2*s**2 - s - 2. Suppose 0 = -p + 3*p - w - 1, -5*w = -15. What is z(p)?
4
Let w(y) = -3*y**3 + y**2 + y + 2. Suppose 22 = 5*n + 3*s, -20 = 3*n - 5*s - 6. Give w(n).
-16
Let j(y) = -y**2 - 3*y + 3. Let f be j(-3). Let r(h) = 1 - 1 - 11*h**2 + f - h + 10*h**2. What is r(-3)?
-3
Let j(f) = -f**3 + 5*f**2 + 7*f - 5. Let c(n) = n**2 - 3*n + 4. Let k be c(4). Let o = 14 - k. Calculate j(o).
1
Let c(u) = -u + 1. Suppose 2*q - 5*g = 9, 5*g + 19 = -4*q + 52. What is c(q)?
-6
Suppose -3*w = -4*d + 3*d - 12, d + 4*w + 5 = 0. Let g = d + 8. Let u(o) = 3*o. Give u(g).
-3
Let f = -26 + 4. Let l = f - -19. Let n(h) = -h**2 - 3*h + 3. What is n(l)?
3
Let k(s) = -s**3 + 4*s**2 + 5*s + 3. Let l be k(5). Let x be (0 - -3)*(-6 - -5). Let w = x + l. Let r(j) = j**2 - j - 1. Give r(w).
-1
Let v(d) be the first derivative of 3 + 0*d**2 - 1/4*d**4 + 0*d**3 - 10*d. Give v(0).
-10
Let v be ((-18)/(-2